{"id":31,"date":"2025-11-02T11:12:27","date_gmt":"2025-11-02T10:12:27","guid":{"rendered":"http:\/\/10.0.98.206\/?page_id=31"},"modified":"2025-11-30T19:43:38","modified_gmt":"2025-11-30T18:43:38","slug":"dr-med-gitta-wild-seibold","status":"publish","type":"page","link":"https:\/\/wild-seibold.de\/","title":{"rendered":"Dr. med. Gitta Wild-Seibold"},"content":{"rendered":"\n<h1 class=\"wp-block-heading\"><\/h1>\n\n\n\n<main class=\"wp-block-group is-layout-flow wp-container-core-group-is-layout-bb62f62d wp-block-group-is-layout-flow\" style=\"margin-top:0\">\n<div class=\"wp-block-group alignfull is-layout-flow wp-block-group-is-layout-flow\" style=\"padding-top:var(--wp--preset--spacing--50);padding-right:var(--wp--preset--spacing--50);padding-bottom:var(--wp--preset--spacing--50);padding-left:var(--wp--preset--spacing--50)\">\n<div class=\"wp-block-group has-global-padding is-layout-constrained wp-container-core-group-is-layout-cff77d8d wp-block-group-is-layout-constrained\">\n<h2 class=\"wp-block-heading alignwide has-text-align-center\" id=\"we-re-a-studio-in-berlin-with-an-international-practice-in-architecture-urban-planning-and-interior-design-we-believe-in-sharing-knowledge-and-promoting-dialogue-to-increase-the-creative-potential-of-collaboration\" style=\"font-size:clamp(27.894px, 1.743rem + ((1vw - 3.2px) * 2.094), 48px);line-height:1.1\">Psychoanalytikerin (DPV\/IPA\/DGPT)<\/h2>\n\n\n\n<p id=\"u3687-6\">&nbsp;<\/p>\n\n\n\n<h2 class=\"wp-block-heading alignwide has-text-align-center\" id=\"we-re-a-studio-in-berlin-with-an-international-practice-in-architecture-urban-planning-and-interior-design-we-believe-in-sharing-knowledge-and-promoting-dialogue-to-increase-the-creative-potential-of-collaboration\" style=\"font-size:clamp(27.894px, 1.743rem + ((1vw - 3.2px) * 2.094), 48px);line-height:1.1\">Fach\u00e4rztin f\u00fcr Psychosomatische Medizin und&nbsp;&nbsp; Psychotherapie<\/h2>\n\n\n\n<p id=\"u3687-9\">&nbsp;<\/p>\n\n\n\n<h2 class=\"wp-block-heading alignwide has-text-align-center\" id=\"we-re-a-studio-in-berlin-with-an-international-practice-in-architecture-urban-planning-and-interior-design-we-believe-in-sharing-knowledge-and-promoting-dialogue-to-increase-the-creative-potential-of-collaboration\" style=\"font-size:clamp(27.894px, 1.743rem + ((1vw - 3.2px) * 2.094), 48px);line-height:1.1\">Fach\u00e4rztin f\u00fcr Psychiatrie und Psychotherapie<\/h2>\n\n\n\n<div style=\"height:1.25rem\" aria-hidden=\"true\" class=\"wp-block-spacer\"><\/div>\n\n\n\n<p class=\"has-text-align-center\"><\/p>\n\n\n\n<div style=\"height:1.25rem\" aria-hidden=\"true\" class=\"wp-block-spacer\"><\/div>\n<\/div>\n\n\n\n<div style=\"height:var(--wp--preset--spacing--30)\" aria-hidden=\"true\" class=\"wp-block-spacer\"><\/div>\n\n\n\n<figure class=\"wp-block-gallery alignwide has-nested-images columns-default is-cropped wp-block-gallery-2 is-layout-flex wp-block-gallery-is-layout-flex\">\n<figure class=\"wp-block-image size-full is-style-rounded is-style-rounded--1\"><img loading=\"lazy\" decoding=\"async\" width=\"567\" height=\"376\" data-id=\"7\" src=\"https:\/\/wild-seibold.de\/wp-content\/uploads\/2025\/10\/gitta_schreibtisch.jpg\" alt=\"Dr. med. Gitta Wild-Seibold am Schreibtisch\" class=\"wp-image-7\"\/><\/figure>\n<\/figure>\n\n\n\n<p>Praxis f\u00fcr Psychoanalyse, Psychotherapie und Psychosomatik<\/p>\n\n\n\n<p class=\"has-text-align-left\">Gei\u00dfstrasse 4<\/p>\n\n\n\n<p>70173 Stuttgart<\/p>\n\n\n\n<p class=\"has-text-align-left\"><a href=\"tel:0711\/51891510\">Tel: 0711-51 89 1510<\/a><\/p>\n<\/div>\n\n\n\n<p><\/p>\n\n\n\n<p><\/p>\n\n\n\n<div class=\"wp-block-group alignfull has-base-2-background-color has-background has-global-padding is-layout-constrained wp-container-core-group-is-layout-669513ed wp-block-group-is-layout-constrained\" style=\"margin-top:0;margin-bottom:0;padding-top:var(--wp--preset--spacing--50);padding-right:var(--wp--preset--spacing--50);padding-bottom:var(--wp--preset--spacing--50);padding-left:var(--wp--preset--spacing--50)\">\n<div class=\"wp-block-group is-vertical is-content-justification-center is-layout-flex wp-container-core-group-is-layout-52b864f0 wp-block-group-is-layout-flex\">\n<h2 class=\"wp-block-heading has-text-align-center is-style-asterisk\">Spektrum<\/h2>\n\n\n\n<div style=\"height:0px\" aria-hidden=\"true\" class=\"wp-block-spacer wp-container-content-4f2ccadb\"><\/div>\n\n\n\n<p class=\"has-text-align-center\"><\/p>\n<\/div>\n\n\n\n<div style=\"height:var(--wp--preset--spacing--20)\" aria-hidden=\"true\" class=\"wp-block-spacer\"><\/div>\n\n\n\n<div class=\"wp-block-columns alignwide is-layout-flex wp-container-core-columns-is-layout-d0bbbce0 wp-block-columns-is-layout-flex\">\n<div class=\"wp-block-column is-layout-flow wp-container-core-column-is-layout-e3d1c41b wp-block-column-is-layout-flow\">\n<h3 class=\"wp-block-heading has-text-align-left is-style-asterisk has-body-font-family has-medium-font-size\" style=\"font-style:normal;font-weight:600\">Psychoanalyse<\/h3>\n\n\n\n<p class=\"has-text-align-left\">Der Schwerpunkt meiner Praxist\u00e4tigkeit liegt bei intensiven psychoanalytischen Behandlungen, die in der Regel zwischen 2 und 4 Behandlungsstunden pro Woche durchgef\u00fchrt werden.<\/p>\n<\/div>\n\n\n\n<div class=\"wp-block-column is-layout-flow wp-container-core-column-is-layout-e3d1c41b wp-block-column-is-layout-flow\">\n<h3 class=\"wp-block-heading has-text-align-left is-style-asterisk has-body-font-family has-medium-font-size\" style=\"font-style:normal;font-weight:600\">Tiefenpsychologische Behandlung<\/h3>\n\n\n\n<p class=\"has-text-align-left\">Des Weiteren k\u00f6nnen auch einst\u00fcndige tiefenpsychologische Behandlungen, Beratungen und Kriseninterventionen durchgef\u00fchrt werden.<\/p>\n<\/div>\n\n\n\n<div class=\"wp-block-column is-layout-flow wp-container-core-column-is-layout-e3d1c41b wp-block-column-is-layout-flow\">\n<h3 class=\"wp-block-heading has-text-align-left is-style-asterisk has-body-font-family has-medium-font-size\" style=\"font-style:normal;font-weight:600\">Diagnostik <\/h3>\n\n\n\n<p class=\"has-text-align-left\">Diese Behandlungen erfolgen nach eingehender Diagnostik und bei l\u00e4ngerfristigen Behandlungen nach Beantragung bei der Krankenkasse und werden im Allgemeinen von den Krankenkassen in vollem oder teilweisem Umfang bezahlt.<\/p>\n<\/div>\n<\/div>\n\n\n\n<div class=\"wp-block-columns alignwide is-layout-flex wp-container-core-columns-is-layout-d0bbbce0 wp-block-columns-is-layout-flex\">\n<div class=\"wp-block-column is-layout-flow wp-container-core-column-is-layout-9b635ac4 wp-block-column-is-layout-flow\">\n<h3 class=\"wp-block-heading has-text-align-left is-style-asterisk has-body-font-family has-medium-font-size\" style=\"font-style:normal;font-weight:600\">Indikationen<\/h3>\n\n\n\n<p class=\"has-text-align-left\">Indikationen bestehen f\u00fcr alle Arten psychischer Beschwerden, Depressionen, \u00c4ngste, psychosomatische Symptomen und Beziehungsschwierigkeiten. Diese Symptome k\u00f6nnen Ausdruck verschiedenster Erkrankungen sein, die dann auch mit unterschiedlichen Methoden behandelt werden.<\/p>\n<\/div>\n<\/div>\n\n\n\n<div class=\"wp-block-columns alignwide is-layout-flex wp-container-core-columns-is-layout-d0bbbce0 wp-block-columns-is-layout-flex\">\n<div class=\"wp-block-column is-layout-flow wp-container-core-column-is-layout-e3d1c41b wp-block-column-is-layout-flow\">\n<h3 class=\"wp-block-heading has-text-align-left is-style-asterisk has-body-font-family has-medium-font-size\" style=\"font-style:normal;font-weight:600\">Zentrale Lage<\/h3>\n\n\n\n<p>Die Praxis befindet sich im historischen Kern von Stuttgart am Hans-im-Gl\u00fcck-Brunnen in der Gei\u00dfstr. 4 (Stuttgarter Zeitung und Nachrichten)<\/p>\n<\/div>\n\n\n\n<div class=\"wp-block-column is-layout-flow wp-block-column-is-layout-flow\"><\/div>\n\n\n\n<div class=\"wp-block-column is-layout-flow wp-block-column-is-layout-flow\"><\/div>\n<\/div>\n\n\n\n<p><\/p>\n<\/div>\n\n\n\n<p style=\"margin-top:0;margin-right:0;margin-bottom:0;margin-left:0\"><\/p>\n\n\n\n<div class=\"wp-block-group alignfull has-global-padding is-layout-constrained wp-container-core-group-is-layout-d89aad35 wp-block-group-is-layout-constrained\" style=\"margin-top:0;margin-bottom:0;padding-top:var(--wp--preset--spacing--50);padding-right:var(--wp--preset--spacing--50);padding-bottom:var(--wp--preset--spacing--50);padding-left:var(--wp--preset--spacing--50)\">\n<div class=\"wp-block-group alignwide has-global-padding is-layout-constrained wp-container-core-group-is-layout-19e250f3 wp-block-group-is-layout-constrained\">\n<div class=\"wp-block-group is-vertical is-content-justification-center is-layout-flex wp-container-core-group-is-layout-6329a8f3 wp-block-group-is-layout-flex\">\n<h2 class=\"wp-block-heading has-text-align-center is-style-asterisk\">Anfahrt<\/h2>\n<\/div>\n\n\n\n<div style=\"height:var(--wp--preset--spacing--40)\" aria-hidden=\"true\" class=\"wp-block-spacer\"><\/div>\n\n\n\n<div class=\"wp-block-columns alignwide is-layout-flex wp-container-core-columns-is-layout-d1c656ed wp-block-columns-is-layout-flex\">\n<div class=\"wp-block-column is-vertically-aligned-center is-layout-flow wp-block-column-is-layout-flow\" style=\"flex-basis:40%\"><\/div>\n\n\n\n<div class=\"wp-block-column is-layout-flow wp-block-column-is-layout-flow\" style=\"flex-basis:50%\"><\/div>\n<\/div>\n\n\n\n<h3 class=\"wp-block-heading is-style-asterisk\">Parkm\u00f6glichkeiten und \u00f6ffentlicher Nahverkehr<\/h3>\n\n\n\n<div style=\"height:var(--wp--preset--spacing--40)\" aria-hidden=\"true\" class=\"wp-block-spacer\"><\/div>\n\n\n\n<ul style=\"line-height:1.75\" class=\"wp-block-list is-style-checkmark-list\">\n<li>Parkhaus Rathausgarage, Garage Steinstra\u00dfe oder Schwabengarage<\/li>\n\n\n\n<li>U-Bahn Rathaus (U1, U2, U4)<\/li>\n\n\n\n<li>Mehrere Buslinien<\/li>\n<\/ul>\n<\/div>\n\n\n\n<figure class=\"wp-block-image size-large\"><img loading=\"lazy\" decoding=\"async\" width=\"1024\" height=\"670\" src=\"https:\/\/wild-seibold.de\/wp-content\/uploads\/2025\/11\/Geissstr_4-1024x670.png\" alt=\"\" class=\"wp-image-79\" style=\"object-fit:contain\" srcset=\"https:\/\/wild-seibold.de\/wp-content\/uploads\/2025\/11\/Geissstr_4-1024x670.png 1024w, https:\/\/wild-seibold.de\/wp-content\/uploads\/2025\/11\/Geissstr_4-300x196.png 300w, https:\/\/wild-seibold.de\/wp-content\/uploads\/2025\/11\/Geissstr_4-768x502.png 768w, https:\/\/wild-seibold.de\/wp-content\/uploads\/2025\/11\/Geissstr_4.png 1515w\" sizes=\"auto, (max-width: 1024px) 100vw, 1024px\" \/><\/figure>\n<\/div>\n\n\n\n<p><\/p>\n\n\n\n<div class=\"wp-block-group alignfull has-global-padding is-layout-constrained wp-container-core-group-is-layout-d89aad35 wp-block-group-is-layout-constrained\" style=\"margin-top:0;margin-bottom:0;padding-top:var(--wp--preset--spacing--50);padding-right:var(--wp--preset--spacing--50);padding-bottom:var(--wp--preset--spacing--50);padding-left:var(--wp--preset--spacing--50)\">\n<div class=\"wp-block-group alignwide has-global-padding is-layout-constrained wp-container-core-group-is-layout-19e250f3 wp-block-group-is-layout-constrained\">\n<div class=\"wp-block-group is-vertical is-content-justification-center is-layout-flex wp-container-core-group-is-layout-6329a8f3 wp-block-group-is-layout-flex\">\n<h2 class=\"wp-block-heading has-text-align-center is-style-asterisk\">Kontakt<\/h2>\n\n\n\n<div style=\"height:0px\" aria-hidden=\"true\" class=\"wp-block-spacer wp-container-content-333afba9\"><\/div>\n<\/div>\n<\/div>\n\n\n\n<div class=\"wp-block-columns is-layout-flex wp-container-core-columns-is-layout-28f84493 wp-block-columns-is-layout-flex\">\n<div class=\"wp-block-column is-layout-flow wp-block-column-is-layout-flow\">\n<ul class=\"wp-block-list\">\n<li>Telefonisch erreichen Sie mich in meiner Telefonsprechstunde am Montag zwischen 13:00 und 13:30 Uhr, am Mittwoch zwischen 18.20 und 18.50 Uhr oder meist Donnerstag 17.50-18.20 Uhr.<\/li>\n<\/ul>\n\n\n\n<ul class=\"wp-block-list\">\n<li>Montag bis Donnerstag k\u00f6nnen Sie es von 11:00-18.00\/18.30 Uhr entweder 5 Minuten vor der vollen oder halben Stunde telefonisch versuchen.<\/li>\n<\/ul>\n\n\n\n<ul class=\"wp-block-list\">\n<li>Ich m\u00f6chte Sie bitten, f\u00fcr Erstkontakte pers\u00f6nlich Kontakt mit mir aufzunehmen.<\/li>\n<\/ul>\n\n\n\n<ul class=\"wp-block-list\">\n<li>Wenn Sie mir eine Nachricht auf dem Anrufbeantworter hinterlassen, rufe ich, wenn es mir auf Grund meiner Auslastung m\u00f6glich ist, zur\u00fcck.<\/li>\n<\/ul>\n\n\n\n<ul class=\"wp-block-list\">\n<li>Anfragen per Email kann ich allenfalls sehr kurz mit der Bitte um eine pers\u00f6nliche Kontaktaufnahme beantworten.<\/li>\n<\/ul>\n\n\n\n<ul class=\"wp-block-list\">\n<li>Terminabsprachen per Email mit den mir pers\u00f6nlich bekannten Patienten sind m\u00f6glich.<\/li>\n<\/ul>\n\n\n\n<ul class=\"wp-block-list\">\n<li>Ansonsten m\u00f6chte ich Sie bitten, zwar p\u00fcnktlich, aber nicht zu fr\u00fch zu kommen, da ich kein separates Wartezimmer habe.<\/li>\n<\/ul>\n<\/div>\n<\/div>\n<\/div>\n\n\n\n<div class=\"wp-block-group alignfull has-base-2-background-color has-background has-global-padding is-layout-constrained wp-container-core-group-is-layout-669513ed wp-block-group-is-layout-constrained\" style=\"margin-top:0;margin-bottom:0;padding-top:var(--wp--preset--spacing--50);padding-right:var(--wp--preset--spacing--50);padding-bottom:var(--wp--preset--spacing--50);padding-left:var(--wp--preset--spacing--50)\">\n<div class=\"wp-block-group is-vertical is-content-justification-center is-layout-flex wp-container-core-group-is-layout-52b864f0 wp-block-group-is-layout-flex\">\n<h2 class=\"wp-block-heading has-text-align-center is-style-asterisk\">CV<\/h2>\n\n\n\n<div style=\"height:0px\" aria-hidden=\"true\" class=\"wp-block-spacer wp-container-content-4f2ccadb\"><\/div>\n\n\n\n<p class=\"has-text-align-center\"><\/p>\n<\/div>\n\n\n\n<div style=\"height:var(--wp--preset--spacing--20)\" aria-hidden=\"true\" class=\"wp-block-spacer\"><\/div>\n\n\n\n<ul class=\"wp-block-list\">\n<li>geboren und aufgewachsen in Stuttgart<\/li>\n<\/ul>\n\n\n\n<ul class=\"wp-block-list\">\n<li>Meine Schulzeit verbrachte in Stuttgart Bad Cannstatt und am Bodensee<\/li>\n<\/ul>\n\n\n\n<ul class=\"wp-block-list\">\n<li>Nach dem Abitur studierte ich Medizin in Ancona, Rom und T\u00fcbingen<\/li>\n<\/ul>\n\n\n\n<ul class=\"wp-block-list\">\n<li>Approbation 1985 (Regierungspr\u00e4sidium Stuttgart)<\/li>\n<\/ul>\n\n\n\n<ul class=\"wp-block-list\">\n<li>Promotion bei Prof. Dr. Keller \u00fcber \u201cPsychische Auswirkungen der heterologen Insemination mit Donorsamen\u201d<\/li>\n<\/ul>\n\n\n\n<ul class=\"wp-block-list\">\n<li>Facharztausbildung in Stuttgart (St\u00e4dt. Klinikum B\u00fcrgerhospital, Psychiatrie), <\/li>\n\n\n\n<li>Ulm (Psychosomatische Abteilung der Universit\u00e4t Ulm), T\u00fcbingen (Institut f\u00fcr Hirnforschung &#8211; Neuropathologie), Esslingen (Neurologische Klinik der St\u00e4dt. Krankenanstalten)<\/li>\n<\/ul>\n\n\n\n<ul class=\"wp-block-list\">\n<li>Psychotherapeutische Ausbildung in tiefenpsychologisch fundierter Psychotherapie an der Universit\u00e4t T\u00fcbingen<\/li>\n<\/ul>\n\n\n\n<ul class=\"wp-block-list\">\n<li>1993-2009 war ich in Ulm als Fach\u00e4rztin f\u00fcr Psychiatrie und Psychotherapie in eigener Praxis niedergelassen<\/li>\n<\/ul>\n\n\n\n<ul class=\"wp-block-list\">\n<li>Psychoanalytische Weiterbildung an der Psychoanalytischen Arbeitsgemeinschaft Ulm (PAU) der Deutschen Psychoanalytischen Vereinigung (DPV)<\/li>\n<\/ul>\n\n\n\n<ul class=\"wp-block-list\">\n<li>seit 2009 bin ich als Psychoanalytikerin und Fach\u00e4rztin f\u00fcr Psychosomatische Medizin und Psychotherapie in eigener Praxis in Stuttgart niedergelassen<\/li>\n<\/ul>\n\n\n\n<ul class=\"wp-block-list\">\n<li>seit 2014 Dozentin am Shanghai Mental Health Center im Rahmen von Zhongdeban (Deutsch-chinesische Psychodynamische Psychotherapie-Weiterbildung)    <\/li>\n<\/ul>\n\n\n\n<ul class=\"wp-block-list\">\n<li>seit 2023 habe ich meine Kassenarztt\u00e4tigkeit auf einen halben Kassensitz reduziert<\/li>\n<\/ul>\n\n\n\n<p>Ich behandle in Ausnahmef\u00e4llen in italienisch oder englisch.<\/p>\n<\/div>\n<\/main>\n\n\n\n<p><\/p>\n\n\n\n<p><\/p>\n\n\n\n<main class=\"wp-block-group is-layout-flow wp-container-core-group-is-layout-bb62f62d wp-block-group-is-layout-flow\" style=\"margin-top:0\">\n<div class=\"wp-block-group alignfull has-base-2-background-color has-background has-global-padding is-layout-constrained wp-container-core-group-is-layout-669513ed wp-block-group-is-layout-constrained\" style=\"margin-top:0;margin-bottom:0;padding-top:var(--wp--preset--spacing--50);padding-right:var(--wp--preset--spacing--50);padding-bottom:var(--wp--preset--spacing--50);padding-left:var(--wp--preset--spacing--50)\"><\/div>\n<\/main>\n\n\n\n<h2 class=\"wp-block-heading\">                               Mitgliedschaften<\/h2>\n\n\n\n<p>Psychoanalytische Arbeitsgemeinschaft Ulm e.V. (PAU)<\/p>\n\n\n\n<p>Deutsche Psychoanalytische Vereinigung (DPV)<\/p>\n\n\n\n<p>International Psychoanalytical Association (IPA)<\/p>\n\n\n\n<p>Deutsche Gesellschaft f\u00fcr Psychoanalyse, Psychotherapie, Psychosomatik und Tiefenpsychologie (DGPT)<\/p>\n\n\n\n<p>Deutscher \u00c4rztinnenbund (D\u00c4B)<\/p>\n\n\n\n<p>Medical Womens&#8217;s International Association (MWIA)<\/p>\n\n\n\n<p>Deutsch-Chinesische Akademie f\u00fcr Psychotherapie (DCAP)<\/p>\n\n\n\n<p><\/p>\n","protected":false},"excerpt":{"rendered":"<p>Psychoanalytikerin (DPV\/IPA\/DGPT) &nbsp; Fach\u00e4rztin f\u00fcr Psychosomatische Medizin und&nbsp;&nbsp; Psychotherapie &nbsp; Fach\u00e4rztin f\u00fcr Psychiatrie und Psychotherapie Praxis f\u00fcr Psychoanalyse, Psychotherapie und Psychosomatik Gei\u00dfstrasse 4 70173 Stuttgart Tel: 0711-51 89 1510 Spektrum Psychoanalyse Der Schwerpunkt meiner Praxist\u00e4tigkeit liegt bei intensiven psychoanalytischen Behandlungen, die in der Regel zwischen 2 und 4 Behandlungsstunden pro Woche durchgef\u00fchrt werden. Tiefenpsychologische Behandlung [&hellip;]<\/p>\n","protected":false},"author":1,"featured_media":0,"parent":0,"menu_order":0,"comment_status":"closed","ping_status":"closed","template":"","meta":{"footnotes":""},"class_list":["post-31","page","type-page","status-publish","hentry"],"_links":{"self":[{"href":"https:\/\/wild-seibold.de\/index.php\/wp-json\/wp\/v2\/pages\/31","targetHints":{"allow":["GET"]}}],"collection":[{"href":"https:\/\/wild-seibold.de\/index.php\/wp-json\/wp\/v2\/pages"}],"about":[{"href":"https:\/\/wild-seibold.de\/index.php\/wp-json\/wp\/v2\/types\/page"}],"author":[{"embeddable":true,"href":"https:\/\/wild-seibold.de\/index.php\/wp-json\/wp\/v2\/users\/1"}],"replies":[{"embeddable":true,"href":"https:\/\/wild-seibold.de\/index.php\/wp-json\/wp\/v2\/comments?post=31"}],"version-history":[{"count":18,"href":"https:\/\/wild-seibold.de\/index.php\/wp-json\/wp\/v2\/pages\/31\/revisions"}],"predecessor-version":[{"id":84,"href":"https:\/\/wild-seibold.de\/index.php\/wp-json\/wp\/v2\/pages\/31\/revisions\/84"}],"wp:attachment":[{"href":"https:\/\/wild-seibold.de\/index.php\/wp-json\/wp\/v2\/media?parent=31"}],"curies":[{"name":"wp","href":"https:\/\/api.w.org\/{rel}","templated":true}]}}